{"id":1865,"date":"2024-09-20T10:13:53","date_gmt":"2024-09-20T09:13:53","guid":{"rendered":"https:\/\/izometal.hr\/?page_id=1865"},"modified":"2024-12-12T09:16:31","modified_gmt":"2024-12-12T08:16:31","slug":"industrijska-oprema","status":"publish","type":"page","link":"https:\/\/izometal.hr\/index.php\/industrijska-oprema\/","title":{"rendered":"Industrijska oprema"},"content":{"rendered":"\t\t<div data-elementor-type=\"wp-page\" data-elementor-id=\"1865\" class=\"elementor elementor-1865\">\n\t\t\t\t\t\t<section class=\"elementor-section elementor-top-section elementor-element elementor-element-623ea53 elementor-section-boxed elementor-section-height-default elementor-section-height-default wpr-particle-no wpr-jarallax-no wpr-parallax-no wpr-sticky-section-no wpr-column-slider-no wpr-equal-height-no\" data-id=\"623ea53\" data-element_type=\"section\" data-e-type=\"section\" data-settings=\"{&quot;background_background&quot;:&quot;classic&quot;}\">\n\t\t\t\t\t\t\t<div class=\"elementor-background-overlay\"><\/div>\n\t\t\t\t\t\t\t<div class=\"elementor-container elementor-column-gap-no\">\n\t\t\t\t\t<div class=\"elementor-column elementor-col-100 elementor-top-column elementor-element elementor-element-21ddeff\" data-id=\"21ddeff\" data-element_type=\"column\" data-e-type=\"column\">\n\t\t\t<div class=\"elementor-widget-wrap elementor-element-populated\">\n\t\t\t\t\t\t<div class=\"elementor-element elementor-element-a09d3bc elementor-widget elementor-widget-heading\" data-id=\"a09d3bc\" data-element_type=\"widget\" data-e-type=\"widget\" data-widget_type=\"heading.default\">\n\t\t\t\t<div class=\"elementor-widget-container\">\n\t\t\t\t\t<h2 class=\"elementor-heading-title elementor-size-default\">Industrijska oprema<\/h2>\t\t\t\t<\/div>\n\t\t\t\t<\/div>\n\t\t\t\t\t<\/div>\n\t\t<\/div>\n\t\t\t\t\t<\/div>\n\t\t<\/section>\n\t\t<div class=\"elementor-element elementor-element-a55991d e-flex e-con-boxed wpr-particle-no wpr-jarallax-no wpr-parallax-no wpr-sticky-section-no wpr-column-slider-no wpr-equal-height-no e-con e-parent\" data-id=\"a55991d\" data-element_type=\"container\" data-e-type=\"container\">\n\t\t\t\t\t<div class=\"e-con-inner\">\n\t\t\t\t<div class=\"elementor-element elementor-element-7ecb2d5 elementor-widget__width-inherit elementor-widget-tablet__width-initial elementor-widget-mobile__width-inherit elementor-position-right elementor-vertical-align-top elementor-widget elementor-widget-image-box\" data-id=\"7ecb2d5\" data-element_type=\"widget\" data-e-type=\"widget\" data-widget_type=\"image-box.default\">\n\t\t\t\t<div class=\"elementor-widget-container\">\n\t\t\t\t\t<div class=\"elementor-image-box-wrapper\"><figure class=\"elementor-image-box-img\"><a href=\"https:\/\/izometal.hr\/index.php\/kalupi-za-beton\/\" tabindex=\"-1\"><img fetchpriority=\"high\" decoding=\"async\" width=\"768\" height=\"432\" src=\"https:\/\/izometal.hr\/wp-content\/uploads\/2023\/10\/20211108_163256-768x432.jpg\" class=\"attachment-medium_large size-medium_large wp-image-1014\" alt=\"Kalupi za \u0161ahte\" srcset=\"https:\/\/izometal.hr\/wp-content\/uploads\/2023\/10\/20211108_163256-768x432.jpg 768w, https:\/\/izometal.hr\/wp-content\/uploads\/2023\/10\/20211108_163256-300x169.jpg 300w, https:\/\/izometal.hr\/wp-content\/uploads\/2023\/10\/20211108_163256-1024x576.jpg 1024w, https:\/\/izometal.hr\/wp-content\/uploads\/2023\/10\/20211108_163256-1536x864.jpg 1536w, https:\/\/izometal.hr\/wp-content\/uploads\/2023\/10\/20211108_163256-2048x1152.jpg 2048w\" sizes=\"(max-width: 768px) 100vw, 768px\" \/><\/a><\/figure><div class=\"elementor-image-box-content\"><h4 class=\"elementor-image-box-title\"><a href=\"https:\/\/izometal.hr\/index.php\/kalupi-za-beton\/\">Kalupi za betonsku industriju<\/a><\/h4><p class=\"elementor-image-box-description\">Proizvodnja kalupa za betonsku industriju zapo\u010dela je prije 20 godina za austrijskog naru\u010ditelja, prema njihovim projektima. Danas kalupe proizvodimo prema va\u0161oj ili na\u0161oj dokumentaciji.  <br>Raznolikost izvedbi kalupa pogledajte u galeriji dosad izvedenih radova.<\/p><\/div><\/div>\t\t\t\t<\/div>\n\t\t\t\t<\/div>\n\t\t\t\t<div class=\"elementor-element elementor-element-d86e3be elementor-widget__width-inherit elementor-widget-tablet__width-initial elementor-widget-mobile__width-inherit elementor-position-right elementor-vertical-align-top elementor-widget elementor-widget-image-box\" data-id=\"d86e3be\" data-element_type=\"widget\" data-e-type=\"widget\" data-widget_type=\"image-box.default\">\n\t\t\t\t<div class=\"elementor-widget-container\">\n\t\t\t\t\t<div class=\"elementor-image-box-wrapper\"><figure class=\"elementor-image-box-img\"><img decoding=\"async\" width=\"768\" height=\"576\" data-src=\"https:\/\/izometal.hr\/wp-content\/uploads\/2024\/09\/Ind-oprema-IM-2-768x576.jpg\" class=\"attachment-medium_large size-medium_large wp-image-2943 lazyload\" alt=\"Industrijska oprema 2\" data-srcset=\"https:\/\/izometal.hr\/wp-content\/uploads\/2024\/09\/Ind-oprema-IM-2-768x576.jpg 768w, https:\/\/izometal.hr\/wp-content\/uploads\/2024\/09\/Ind-oprema-IM-2-300x225.jpg 300w, https:\/\/izometal.hr\/wp-content\/uploads\/2024\/09\/Ind-oprema-IM-2-1024x768.jpg 1024w, https:\/\/izometal.hr\/wp-content\/uploads\/2024\/09\/Ind-oprema-IM-2.jpg 1200w\" data-sizes=\"(max-width: 768px) 100vw, 768px\" src=\"data:image\/svg+xml;base64,PHN2ZyB3aWR0aD0iMSIgaGVpZ2h0PSIxIiB4bWxucz0iaHR0cDovL3d3dy53My5vcmcvMjAwMC9zdmciPjwvc3ZnPg==\" style=\"--smush-placeholder-width: 768px; --smush-placeholder-aspect-ratio: 768\/576;\" \/><\/figure><div class=\"elementor-image-box-content\"><h4 class=\"elementor-image-box-title\">Oprema za procesnu industriju<\/h4><p class=\"elementor-image-box-description\">Odr\u017eavanje industrijske opreme igra klju\u010dnu ulogu u kontinuiranom proizvodnom procesu. Na\u0161im iskustvom i mogu\u0107no\u0161\u0107u izrade elemenata od razli\u010ditih materijala te opremljenost strojevima i opremom, osigurava rje\u0161avanje popravaka i odr\u017eavanje va\u0161e procesne opreme. <\/p><\/div><\/div>\t\t\t\t<\/div>\n\t\t\t\t<\/div>\n\t\t\t\t<div class=\"elementor-element elementor-element-5ce2be3 elementor-widget__width-inherit elementor-widget-tablet__width-initial elementor-widget-mobile__width-inherit elementor-position-right elementor-vertical-align-top elementor-widget elementor-widget-image-box\" data-id=\"5ce2be3\" data-element_type=\"widget\" data-e-type=\"widget\" data-widget_type=\"image-box.default\">\n\t\t\t\t<div class=\"elementor-widget-container\">\n\t\t\t\t\t<div class=\"elementor-image-box-wrapper\"><figure class=\"elementor-image-box-img\"><img decoding=\"async\" width=\"768\" height=\"576\" data-src=\"https:\/\/izometal.hr\/wp-content\/uploads\/2024\/09\/Ind-oprema-IM-11-768x576.jpg\" class=\"attachment-medium_large size-medium_large wp-image-2938 lazyload\" alt=\"\" data-srcset=\"https:\/\/izometal.hr\/wp-content\/uploads\/2024\/09\/Ind-oprema-IM-11-768x576.jpg 768w, https:\/\/izometal.hr\/wp-content\/uploads\/2024\/09\/Ind-oprema-IM-11-300x225.jpg 300w, https:\/\/izometal.hr\/wp-content\/uploads\/2024\/09\/Ind-oprema-IM-11-1024x768.jpg 1024w, https:\/\/izometal.hr\/wp-content\/uploads\/2024\/09\/Ind-oprema-IM-11.jpg 1200w\" data-sizes=\"(max-width: 768px) 100vw, 768px\" src=\"data:image\/svg+xml;base64,PHN2ZyB3aWR0aD0iMSIgaGVpZ2h0PSIxIiB4bWxucz0iaHR0cDovL3d3dy53My5vcmcvMjAwMC9zdmciPjwvc3ZnPg==\" style=\"--smush-placeholder-width: 768px; --smush-placeholder-aspect-ratio: 768\/576;\" \/><\/figure><div class=\"elementor-image-box-content\"><h4 class=\"elementor-image-box-title\">Oprema za naftnu industriju<\/h4><p class=\"elementor-image-box-description\">Od po\u010detka postojanja tvrtke, orijentirani smo na izradu konstrukcija koje se koriste u naftnoj industriji. <br>Kvalitetu proizvoda ispituju ovla\u0161tene tvrtke, kako bi se zadovoljili tra\u017eeni standardi.<\/p><\/div><\/div>\t\t\t\t<\/div>\n\t\t\t\t<\/div>\n\t\t\t\t\t<\/div>\n\t\t\t\t<\/div>\n\t\t\t\t<\/div>\n\t\t","protected":false},"excerpt":{"rendered":"<p>Industrijska oprema Kalupi za betonsku industriju Proizvodnja kalupa za betonsku industriju zapo\u010dela je prije 20 godina za austrijskog naru\u010ditelja, prema njihovim projektima. Danas kalupe proizvodimo prema va\u0161oj ili na\u0161oj dokumentaciji. Raznolikost izvedbi kalupa pogledajte u galeriji dosad izvedenih radova. Oprema za procesnu industriju Odr\u017eavanje industrijske opreme igra klju\u010dnu ulogu u kontinuiranom proizvodnom procesu. Na\u0161im iskustvom i mogu\u0107no\u0161\u0107u izrade elemenata od razli\u010ditih materijala te opremljenost strojevima i opremom, osigurava rje\u0161avanje popravaka i odr\u017eavanje va\u0161e procesne opreme. Oprema za naftnu industriju Od po\u010detka postojanja tvrtke, orijentirani smo na izradu konstrukcija koje se koriste u naftnoj industriji. Kvalitetu proizvoda ispituju ovla\u0161tene tvrtke, kako bi se zadovoljili tra\u017eeni standardi.<\/p>\n","protected":false},"author":1,"featured_media":0,"parent":0,"menu_order":0,"comment_status":"closed","ping_status":"closed","template":"","meta":{"_uf_show_specific_survey":0,"_uf_disable_surveys":false,"site-sidebar-layout":"no-sidebar","site-content-layout":"page-builder","ast-site-content-layout":"full-width-container","site-content-style":"unboxed","site-sidebar-style":"unboxed","ast-global-header-display":"","ast-banner-title-visibility":"","ast-main-header-display":"","ast-hfb-above-header-display":"","ast-hfb-below-header-display":"","ast-hfb-mobile-header-display":"","site-post-title":"disabled","ast-breadcrumbs-content":"disabled","ast-featured-img":"disabled","footer-sml-layout":"","ast-disable-related-posts":"","theme-transparent-header-meta":"enabled","adv-header-id-meta":"","stick-header-meta":"","header-above-stick-meta":"","header-main-stick-meta":"","header-below-stick-meta":"","astra-migrate-meta-layouts":"set","ast-page-background-enabled":"default","ast-page-background-meta":{"desktop":{"background-color":"","background-image":"","background-repeat":"repeat","background-position":"center center","background-size":"auto","background-attachment":"scroll","background-type":"","background-media":"","overlay-type":"","overlay-color":"","overlay-opacity":"","overlay-gradient":""},"tablet":{"background-color":"","background-image":"","background-repeat":"repeat","background-position":"center center","background-size":"auto","background-attachment":"scroll","background-type":"","background-media":"","overlay-type":"","overlay-color":"","overlay-opacity":"","overlay-gradient":""},"mobile":{"background-color":"","background-image":"","background-repeat":"repeat","background-position":"center center","background-size":"auto","background-attachment":"scroll","background-type":"","background-media":"","overlay-type":"","overlay-color":"","overlay-opacity":"","overlay-gradient":""}},"ast-content-background-meta":{"desktop":{"background-color":"var(--ast-global-color-5)","background-image":"","background-repeat":"repeat","background-position":"center center","background-size":"auto","background-attachment":"scroll","background-type":"","background-media":"","overlay-type":"","overlay-color":"","overlay-opacity":"","overlay-gradient":""},"tablet":{"background-color":"var(--ast-global-color-5)","background-image":"","background-repeat":"repeat","background-position":"center center","background-size":"auto","background-attachment":"scroll","background-type":"","background-media":"","overlay-type":"","overlay-color":"","overlay-opacity":"","overlay-gradient":""},"mobile":{"background-color":"var(--ast-global-color-5)","background-image":"","background-repeat":"repeat","background-position":"center center","background-size":"auto","background-attachment":"scroll","background-type":"","background-media":"","overlay-type":"","overlay-color":"","overlay-opacity":"","overlay-gradient":""}},"footnotes":""},"folder":[],"class_list":["post-1865","page","type-page","status-publish","hentry"],"aioseo_notices":[],"_links":{"self":[{"href":"https:\/\/izometal.hr\/index.php\/wp-json\/wp\/v2\/pages\/1865"}],"collection":[{"href":"https:\/\/izometal.hr\/index.php\/wp-json\/wp\/v2\/pages"}],"about":[{"href":"https:\/\/izometal.hr\/index.php\/wp-json\/wp\/v2\/types\/page"}],"author":[{"embeddable":true,"href":"https:\/\/izometal.hr\/index.php\/wp-json\/wp\/v2\/users\/1"}],"replies":[{"embeddable":true,"href":"https:\/\/izometal.hr\/index.php\/wp-json\/wp\/v2\/comments?post=1865"}],"version-history":[{"count":19,"href":"https:\/\/izometal.hr\/index.php\/wp-json\/wp\/v2\/pages\/1865\/revisions"}],"predecessor-version":[{"id":3793,"href":"https:\/\/izometal.hr\/index.php\/wp-json\/wp\/v2\/pages\/1865\/revisions\/3793"}],"wp:attachment":[{"href":"https:\/\/izometal.hr\/index.php\/wp-json\/wp\/v2\/media?parent=1865"}],"wp:term":[{"taxonomy":"folder","embeddable":true,"href":"https:\/\/izometal.hr\/index.php\/wp-json\/wp\/v2\/folder?post=1865"}],"curies":[{"name":"wp","href":"https:\/\/api.w.org\/{rel}","templated":true}]}}